 856*f**3 - 2*f**2 + f - 4. Is s(3) prime?
False
Let t = -6049 - -8486. Is t a composite number?
False
Suppose -13*z = -166748 + 51009. Is z a prime number?
False
Let x = 2524 - 1082. Let i = 865 + x. Is i a prime number?
False
Suppose 2*p - 205 = 5*b, -3*b + 5*p - 15 - 108 = 0. Let x = 86 - b. Is x a prime number?
True
Let d(n) = 9*n**2 + 250*n - 76. Is d(-51) a composite number?
True
Let a(h) = -h**3 - 7*h**2 - 6*h - 5. Suppose 2*k = 6*w - 4*w - 2, k + 13 = 4*w. Suppose -2*x - 17 = -n, k*x = 2*n - 34 + 7. Is a(x) composite?
False
Let i(c) = 896*c - 3. Suppose -2*j - 2 = -4*g, -3*g = -7*g + 16. Let h(u) = -299*u + 1. Let m(v) = j*h(v) + 2*i(v). Is m(-1) prime?
False
Let n be -4 - (-178 + 0/2). Suppose -49 = -r + n. Is r a prime number?
True
Let h = 2199 + 2435. Suppose -4*d = -2*t - 9268, 2*t - h = -d - d. Is d composite?
True
Let n(h) be the third derivative of 133*h**5/60 - h**3/3 + h**2. Suppose -i + 5*p + 19 = 1, p = -3. Is n(i) a composite number?
True
Let g(r) = -4*r**3 - 20*r**2 + 139*r + 73. Is g(-22) a prime number?
True
Let z = -18219 + 42756. Is z composite?
True
Let z = -14 - -17. Suppose z*g - 15 = -3. Is (-1)/(-2) + 458/g composite?
True
Suppose 1006 = -2*a + 4*a. Is a*(-4 + (-20)/(-4)) prime?
True
Suppose 2*a - 4*a + 3*i + 7 = 0, 5*a + 3*i - 7 = 0. Let w(l) = 105*l + 1. Is w(a) a composite number?
False
Let k(g) = 52*g**2 + 12*g - 5. Is k(6) composite?
True
Is 7*1/(77/113773) a prime number?
True
Suppose q - 8279 = -4*n, -q + 3*n = 4*q - 41395. Is q a prime number?
False
Let r be -1 + (-1 - (-60)/5). Suppose -r*g - 105 = -15*g. Is (844/6)/(14/g) a prime number?
True
Let i = -38 + 286. Suppose 5*n - i + 1748 = 0. Is (n - 10)/((-4)/2) a prime number?
False
Let x be (-2)/6 - (-240)/72. Let t = 40 + x. Is t a prime number?
True
Suppose 2*l + a + 344 = 0, 3*l - a + 421 = -85. Let p = -36 - l. Suppose 2*v = -0*v + p. Is v a prime number?
True
Let z = 53 - -254. Is z composite?
False
Suppose 3*t = 1771 + 5807. Let b = t - 866. Let j = b + -897. Is j a prime number?
False
Let n be 4/6*12 - 2. Let r(k) = -40*k + 6. Let p be r(0). Suppose -8*z + n*z = -p. Is z a composite number?
False
Let s be 66/(-22)*(-1070)/(-3). Let u = s + 683. Is (u/3 + 2)*-1 composite?
False
Suppose -2*m + 2*l = 724, 0*m - 5*l = 3*m + 1078. Suppose 276 + 246 = -o. Let p = m - o. Is p prime?
False
Let z = 11 - 20. Let r(v) = -v**2 - 8*v + 11. Let q be r(z). Suppose -1 + 4 = t, 4*j - q*t - 46 = 0. Is j a composite number?
False
Let v = 31531 - 19212. Is v composite?
True
Let w be (22/6)/((-3)/9). Suppose -2*l - 7 = u + 1, -3*l = -2*u + 5. Is 28665/55 - u/w prime?
True
Let c(j) be the second derivative of j**5/10 - j**4/3 + j**3/3 + j**2 + j. Let n = -8 - -10. Is c(n) a prime number?
False
Let j(d) = -146*d**3 + 4*d**2 + 7*d + 2. Is j(-3) a prime number?
False
Let u = -8534 - -12115. Is u a composite number?
False
Let g = -3115 + 14246. Is g prime?
True
Let p be (-10125)/(-13) + 1 - (-62)/403. Let b = p + -466. Is b composite?
True
Suppose 22497 = 3*c + 3*m, 0 = c - 4*c + 2*m + 22507. Is c a prime number?
False
Let n be (((-10)/4)/1)/((-8)/1424). Suppose -3*a + 1366 = n. Is a composite?
False
Suppose 439 = 2*t - 5*y - 104, 4*y - 291 = -t. Let f be (-1 - -398)*(-4 + 5). Let n = f - t. Is n prime?
False
Suppose -2*x - 94 = 2070. Let n = x - -3669. Is n a prime number?
False
Suppose 2*t - u - 10459 = 0, 2*t + u - 10453 = 4*u. Is t prime?
True
Let g(s) = 23*s**2 + 39*s - 47. Is g(19) composite?
True
Let l(p) = 12*p**3 - 2*p**2 + 5*p + 2. Suppose -43 = -6*v - 13. Is l(v) a composite number?
True
Let o = 159 - 472. Let n = 1372 - 805. Let s = n + o. Is s prime?
False
Let r = 82 - 82. Suppose r = 2*l + 2*h - 432, -l + 83 = 2*h - 138. Is l prime?
True
Let h = -73 - -77. Suppose h*b = 6961 + 7083. Is b prime?
True
Let t = 96 - -455. Is t a composite number?
True
Suppose 72673 - 5725 = 42*c. Is c a composite number?
True
Suppose 8 = -n + 4. Is 31653/18 - 2/n composite?
False
Let s = 2310 - -4319. Is s a prime number?
False
Suppose 59901 = -3*w + 44*w. Is w a composite number?
True
Is (5 + -4 - -7613) + 6/(-6) prime?
False
Suppose 2*k = -w - 3*k + 30, 2*k = -3*w + 25. Suppose -4*t + 14742 = 4*z - 2*z, -3*t + 11046 = w*z. Is t a prime number?
False
Suppose -8*d + 6444 = 1012. Is d a composite number?
True
Suppose 0 = 5*r + 29 - 19. Is (2463/12)/(r/(-8)) composite?
False
Let a(d) = 10*d + 10. Let r be a(-9). Let u = r + 345. Is u composite?
True
Let l(i) = -6*i**3 - 5*i**2 + 6. Let n(d) = -d**3 + d. Let h(u) = l(u) - 5*n(u). Is h(-5) composite?
False
Let a = 38 + -35. Suppose 3*w - 12 = a*f, w = -2*f - f. Is w prime?
True
Let d(u) = 275*u**2 - 8*u + 11. Is d(4) a prime number?
False
Let p(j) = -198*j**3 - j**2 - 5*j - 3. Is p(-1) composite?
False
Let d(h) = -h**3 + 13*h**2 - 2*h + 16. Let f be d(13). Let k = 7 + f. Is (2085/(-20))/(k/12) composite?
True
Let w = -10 + 17. Suppose -w*r = -3*r - 636. Suppose 3*k = 6*k - r. Is k composite?
False
Let d(g) = g**2 + 4*g - 6. Let t be d(-6). Let h = 10 - t. Suppose 2*n - 3*i = 1834, h*n + 3*i + 2*i - 3668 = 0. Is n prime?
False
Is 15*((-3)/1)/(-9) - -6908 a composite number?
True
Let k = -60610 - -103339. Is k composite?
True
Suppose 16 = -4*d, 3*k + 5*d - 369 = 475. Suppose 5*t - 1592 = k. Suppose 0 = -z + 2, -z + 3533 = 5*o + t. Is o composite?
False
Let i be (5/(-10))/(1/(-78)). Let m = -32 + i. Is m composite?
False
Let j(r) = 64*r**2 + r + 1. Let a be j(1). Is 4/(-22) + 29382/a a prime number?
False
Suppose 6*a - 63291 = 243. Is a a composite number?
False
Let j be 23755/20 - (-4)/16. Suppose j = 2*z + 5*s + 254, -z - 3*s + 467 = 0. Is z a prime number?
True
Suppose -1380 + 7516 = 13*y. Suppose 0 = w - 2, 5*w - 25 = f - y. Is f a prime number?
True
Suppose -p = -2*d + 7, -3*d + 3*p + 12 = p. Suppose 3*f - 2821 = -d*g, 2*g + 0*g = 2*f - 1894. Is f a prime number?
False
Suppose 10*v + 1 = 11*v. Let n be ((-30)/(-8))/(v/(-8)). Is (24/n)/(2/(-55)) composite?
True
Let k = -2260 - -7963. Is k composite?
True
Let f = 25 - 12. Suppose -p + f = 5*a - 9, -2*p + 14 = 4*a. Suppose 189 = -a*v + 484. Is v a composite number?
False
Let o be -3 + -1 + 17 + -10. Suppose -3*a + 1463 = -2*r, o*a - 534 = -r + 944. Is a a prime number?
True
Suppose 4*n + 15 - 7 = 0. Let b = n + 9. Is b composite?
False
Let s = 45 - -68. Suppose d - s = 315. Suppose v + 5*b = 221, b = -2*v - 2*b + d. Is v prime?
True
Let i be -679 + (-3 - -5 - -1). Let d = i + 1085. Is d a prime number?
True
Let y(a) = 58 + a - 40*a - 32. Is y(-7) a composite number?
True
Let q(d) = 9*d + 32. Let a(y) = y**2 + 2*y - 11. Let s be a(-6). Is q(s) a prime number?
True
Let f(g) = 829*g**2 + 2*g + 13. Is f(4) prime?
False
Is (-2)/(((-2)/14044)/((-2)/(-8))) a prime number?
True
Let z(u) = -u**3 + 45*u**2 - 42*u - 53. Is z(35) composite?
True
Is (23279 - (11 + -1))/1 composite?
False
Suppose -3*o + 1 = -8. Suppose 7*m = 6*m - o. Is (9/m - -213) + 1 composite?
False
Let b(u) = 260*u**2 - u - 10. Is b(-3) a composite number?
False
Suppose -4*s + 4560 = 1052. Is s a composite number?
False
Let p = 19036 + -5973. Is p prime?
True
Suppose 88*l - 76*l - 46068 = 0. Is l composite?
True
Let v(b) = -436*b + 3. Is v(-19) a composite number?
False
Is (1 - 2) + -66*(-100)/4 composite?
True
Suppose 4*t - 816 = 2*x + 2*x, 2*x + 428 = -3*t. Let k = x + 675. Suppose -3*f + 3*z + k = -4807, -3 = 3*z. Is f composite?
True
Let t = 88 - 85. Suppose -t*r - 2*g - g = -435, 5*r + 3*g - 733 = 0. Is r a prime number?
True
Suppose -4*s - 8 = 8, 2*s = 5*a - 53. Suppose a - 2 = -4*m - 5*b, 3*b + 13 = 2*m. Suppose m*y = 4*y - 134. Is y prime?
True
Suppose 40*l - 57*l = -54077. Is l prime?
True
Let s(u) = -u**3 + 10*u**2 - u + 14. Let m be s(10). Suppose -5*b + 2927 = m*y, 5*b - 3322 + 401 = -2*y. Is b composite?
True
Let x = -2 + 4. Suppose 1895 = t - b, -x*t - 2*b + 7592 = 2*t. Is t a prime number?
False
Let r(y) = y - 6. Let g be r(11). Suppose -g*z + 5*d + 25 = 0, z + 3*d - 7*d - 5 = 0. Suppose v + z = 0, -50 + 10 = -5*n + v. Is n composite?
False
Suppose 0 = 39*l - 518853 - 72426. Is l a composite number?
False
Let t(i) = 2*i**3 - 2. Let b be t(2). Let y = -10 + b. Suppose -y*v + 309 = -v. Is v a prime number?
True
Let j(d) = -3*d - 36. Let c be j(-9). Is (-116 - c)/((-5)/(-3) + -2) prime?
False
Let o(i) = -i - 3.